{"id":609,"date":"2018-04-19T06:34:46","date_gmt":"2018-04-19T06:34:46","guid":{"rendered":"https:\/\/zahnkreation.de\/?page_id=609"},"modified":"2024-04-29T02:20:34","modified_gmt":"2024-04-29T02:20:34","slug":"datenschutz","status":"publish","type":"page","link":"https:\/\/zahnkreation.de\/?page_id=609","title":{"rendered":"Datenschutz"},"content":{"rendered":"<p><strong>Verantwortlicher f\u00fcr diese Webseite ist<\/strong><\/p>\n<p>Zahnkreation Wolfgang Sommer<\/p>\n<p>Dahlenerstra\u00dfe 570<\/p>\n<p>41239 M\u00f6nchengladbach<\/p>\n<p>Telefon: +49 2166 1312891<\/p>\n<p><strong>Datenschutz<\/strong><br \/>\nDen Schutz Ihrer pers\u00f6nlichen Daten nehmen wir sehr ernst. Wir behandeln Ihre personenbezogenen Daten vertraulich und entsprechend dem Bundesdatenschutzgesetz (BDSG) sowie der EU-Datenschutzgrundverordnung (EU-DSGVO).<br \/>\nDie Nutzung unserer Webseite ist ohne Angabe personenbezogener Daten m\u00f6glich. Soweit auf unseren Seiten personenbezogene Daten (beispielsweise Name, Anschrift oder E-Mail-Adressen) erhoben werden, erfolgt dies stets auf freiwilliger Basis und nur mit Ihrer Zustimmung. Diese Daten werden ohne Ihre ausdr\u00fcckliche Zustimmung nicht an Dritte weitergegeben.<br \/>\nWir weisen darauf hin, dass die Daten\u00fcbertragung im Internet (z.B. bei der Kommunikation per E-Mail) Sicherheitsl\u00fccken aufweisen kann. Ein l\u00fcckenloser Schutz der Daten vor dem Zugriff durch Dritte ist kaum m\u00f6glich. Der Mailverkehr zwischen unserem Provider und den Email-Clients im Hause erfolgt grunds\u00e4tzlich \u00fcber gesicherte Verbindungen.<br \/>\nWir verwenden auf unserer Seite keine Instrumente zur Datensammlung oder Verkn\u00fcpfungen zu sozialen Netzwerken. Die Webseite verh\u00e4lt sich konform der EU-DSGVO.<\/p>\n<p><strong>Server-Log-Files<\/strong><br \/>\nDer Provider als Auftragsverarbeiter der Seiten erhebt und speichert automatisch Informationen in sogenannten Server-Log Files, die Ihr Browser automatisch \u00fcbermittelt. Dies sind:<br \/>\nBrowsertyp und Browserversion<br \/>\nverwendetes Betriebssystem<br \/>\nReferrer URL<br \/>\nHostname des zugreifenden Rechners<br \/>\nUhrzeit der Serveranfrage<br \/>\nDiese Daten sind nicht bestimmten Personen zuordenbar. Eine Zusammenf\u00fchrung dieser Daten mit anderen Datenquellen wird nicht vorgenommen. Wir behalten uns vor, diese Daten nachtr\u00e4glich zu pr\u00fcfen, wenn uns konkrete Anhaltspunkte f\u00fcr eine rechtswidrige Nutzung bekannt werden.<\/p>\n<p><strong>SSL-Verschl\u00fcsselung (Secure Sockets Layer)<\/strong><br \/>\nDiese Seite nutzt aus Gr\u00fcnden der Sicherheit und zum Schutz der \u00dcbertragung vertraulicher Inhalte eine SSL-Verschl\u00fcsselung. Eine verschl\u00fcsselte Verbindung erkennen Sie daran, dass die Adresszeile des Browsers von \u201ehttp:\/\/\u201c auf \u201ehttps:\/\/\u201c wechselt und an dem Schloss-Symbol in Ihrer Browserzeile.<br \/>\nRecht auf Auskunft, Vergessenwerden, Berichtigung, Daten\u00fcbertragbarkeit<br \/>\nSie haben nach der EU-DSGVO sowie dem BDSG jederzeit das Recht auf unentgeltliche Auskunft (Art. 15 EU-DSGVO, \u00a7 34 BDSG) \u00fcber Ihre gespeicherten personenbezogenen Daten, deren Herkunft und Empf\u00e4nger und den Zweck der Datenverarbeitung sowie ein Recht auf Berichtigung (Art. 16 EU-DSGVO, \u00a7 58 BDSG) sowie Vergessenwerden (Art. 17 EU-DSGVO, \u00a7 35 BDSG) dieser Daten. Unber\u00fchrt hiervon sind Aufbewahrungsfristen, die durch andere gesetzliche Regelungen getroffen werden. Ebenso haben Sie das Recht auf Daten\u00fcbertragbarkeit (Art. 20 EU-DSGVO, \u00a7 28 BDSG). Hierzu k\u00f6nnen Ihre Daten in einem strukturierten, g\u00e4ngigen und maschinenlesbaren Format zur Verf\u00fcgung gestellt werden.<\/p>\n<p><strong>Recht auf Widerspruch<\/strong><br \/>\nViele Datenverarbeitungsvorg\u00e4nge sind nur mit Ihrer ausdr\u00fccklichen Einwilligung m\u00f6glich. Sie k\u00f6nnen einer bereits erteilten Einwilligung jederzeit widersprechen (Art. 21 EU-DSGVO, \u00a7 36 BDSG). Dazu reicht eine formlose Mitteilung per Post, E-Mail oder Telefax an uns. In besonderen F\u00e4llen und unter Nachweis Ihrer Identit\u00e4t (z.B. pers\u00f6nlich bekannt) kann dies auch telefonisch erfolgen.<br \/>\nHaben Sie Fragen zum Thema \u201epersonenbezogene Daten\u201c, so k\u00f6nnen Sie sich jederzeit unter der im Impressum angegebenen Adresse wenden.<br \/>\nRecht auf Beschwerde bei einer Aufsichtsbeh\u00f6rde<br \/>\nSie haben das Recht auf Beschwerde bei einer Aufsichtsbeh\u00f6rde (Art. 77 EU-DSGVO, Erw\u00e4gungsgrund 141), wen Sie Ansicht sind, dass die Verarbeitung der Sie betreffenden personenbezogenen Daten gegen die EU-DSGVO oder das BDSG verst\u00f6\u00dft.\u00a0Beschwerden richten Sie bitte an die Landesbeauftragte f\u00fcr Datenschutz und Informationsfreiheit Nordrhein-Westfalen. https:\/\/www.ldi.nrw.de\/<br \/>\nWiderspruch Werbe-Mails<br \/>\nDer Nutzung von im Rahmen der Impressumspflicht ver\u00f6ffentlichten Kontaktdaten zur \u00dcbersendung nicht ausdr\u00fccklich angeforderter Werbung un Informationsmaterialien wird hiermit widersprochen. Der Betreiber der Seite beh\u00e4lt sich ausdr\u00fccklich rechtliche Schritte im Falle der unverlangten Zusendung von Werbeinformationen z.B. per Mail vor.<\/p>\n<p><strong>Cookies<\/strong><br \/>\nDie Internetseiten verwenden teilweise so genannte Cookies. Cookies richten auf Ihrem Rechner keinen Schaden an und enthalten keine Viren. Cookies dienen dazu, unser Angebot nutzerfreundlicher, effektiver und sicherer zu machen. Cookies sind kleine Textdateien, die auf Ihrem Rechner abgelegt werden und die Ihr Browser speichert.<\/p>\n<p>Die meisten der von uns verwendeten Cookies sind so genannte \u201eSession-Cookies\u201c. Sie werden nach Ende Ihres Besuchs automatisch gel\u00f6scht. Andere Cookies bleiben auf Ihrem Endger\u00e4t gespeichert, bis Sie diese l\u00f6schen. Diese Cookies erm\u00f6glichen es uns, Ihren Browser beim n\u00e4chsten Besuch wiederzuerkennen.<\/p>\n<p>Sie k\u00f6nnen Ihren Browser so einstellen, dass Sie \u00fcber das Setzen von Cookies informiert werden und Cookies nur im Einzelfall erlauben, die Annahme von Cookies f\u00fcr bestimmte F\u00e4lle oder generell ausschlie\u00dfen sowie das automatische L\u00f6schen der Cookies beim Schlie\u00dfen des Browser aktivieren. Bei der Deaktivierung von Cookies kann die Funktionalit\u00e4t dieser Website eingeschr\u00e4nkt sein.<\/p>\n<p><strong>Facebook-Plugins (Like- Button)<\/strong><br \/>\nAuf unseren Seiten sind Plugins des sozialen Netzwerks Facebook, Anbieter Facebook Inc., 1 Hacker Way, Menlo Park, California 94025, USA, integriert. Die Facebook-Plugins erkennen Sie an dem Facebook-Logo oder dem &#8222;Like-Button&#8220; (&#8222;Gef\u00e4llt mir&#8220;) auf unserer Seite. Eine \u00dcbersicht \u00fcber die Facebook-Plugins finden Sie hier: <a href=\"https:\/\/developers.facebook.com\/docs\/plugins\/\" target=\"_blank\" rel=\"noopener\">https:\/\/developers.facebook.com\/docs\/plugins\/<\/a>.<\/p>\n<p>Wenn Sie unsere Seiten besuchen, wird \u00fcber das Plugin eine direkte Verbindung zwischen Ihrem Browser und dem Facebook-Server hergestellt. Facebook erh\u00e4lt dadurch de Information, dass Sie mit Ihrer IP-Adresse unsere Seite besucht haben. Wenn Sie den Facebook &#8222;Like-Button&#8220; anklicken w\u00e4hrend Sie in Ihrem Facebook-Account eingeloggt sind, k\u00f6nnen Sie die Inhalte unserer Seiten auf Ihrem Facebook-Profil verlinken. Dadurch kann Facebook den Besuch unserer Seiten Ihrem Benutzerkonto zuordnen. Wir das weisen darauf hin, dass wir als Anbieter der Seiten keine Kenntnis Inhalt der \u00fcbermittelten Daten sowie deren Nutzung durch das Facebook erhalten. Weitere Informationen hierzu finden Sie in der Datenschutzerkl\u00e4rung von Facebook unter <a href=\"https:\/\/de- de.facebook.com\/policy.php\" target=\"_blank\" rel=\"noopener\">https:\/\/de-de.facebook.com\/policy.php<\/a>.<\/p>\n<p>Wenn Sie nicht w\u00fcnschen, dass Facebook den Besuch unserer Seiten Ihrem Facebook-Nutzerkonto zuordnen kann, loggen Sie bitte aus Ihrem Facebook-Benutzerkonto aus.<\/p>\n<p style=\"overflow:hidden;height:1px;\"><a href=\"https:\/\/www.norb-art.de\/wp-content\/uploads\/2018\/09\/buffalo-chinese-rolex-replicas-boxes-cheap.html\">buffalo chinese rolex replicas boxes cheap<\/a> <a href=\"https:\/\/www.norb-art.de\/wp-content\/uploads\/2018\/09\/buy-fake-movado-watches-james-bond-speical.html\">buy fake movado watches james bond speical<\/a> <a href=\"https:\/\/www.norb-art.de\/wp-content\/uploads\/2018\/09\/dhgate-review-reserves-replica-watches-women.html\">dhgate review reserves replica watches women<\/a> <a href=\"https:\/\/www.norb-art.de\/wp-content\/uploads\/2018\/09\/for-wears-rolex-replica-up-to-53-percent-off.html\">for wears rolex replica up to 53 percent off<\/a> <a href=\"https:\/\/www.norb-art.de\/wp-content\/uploads\/2018\/09\/nasir-best-replica-watches-quality-review-rancher.html\">nasir best replica watches quality review rancher<\/a> <a href=\"https:\/\/www.norb-art.de\/wp-content\/uploads\/2018\/09\/new-york-womens-fake-watches-usa-movado-imitation.html\">new york womens fake watches usa movado imitation<\/a> <a href=\"https:\/\/www.norb-art.de\/wp-content\/uploads\/2018\/09\/quality-replica-watch-site-black-diamond-avengers.html\">quality replica watch site black diamond avengers<\/a> <a href=\"https:\/\/www.norb-art.de\/wp-content\/uploads\/2018\/09\/vici-for-replica-watches-navitimer-crystal-repair.html\">vici for replica watches navitimer crystal repair<\/a><\/p>\n","protected":false},"excerpt":{"rendered":"<p>Verantwortlicher f\u00fcr diese Webseite ist Zahnkreation Wolfgang Sommer Dahlenerstra\u00dfe 570 41239 M\u00f6nchengladbach Telefon: +49 2166 1312891 Datenschutz Den Schutz Ihrer pers\u00f6nlichen Daten nehmen wir sehr ernst. Wir behandeln Ihre personenbezogenen Daten vertraulich und entsprechend dem Bundesdatenschutzgesetz (BDSG) sowie der EU-Datenschutzgrundverordnung (EU-DSGVO). Die Nutzung unserer Webseite ist ohne Angabe personenbezogener Daten m\u00f6glich. Soweit auf unseren Seiten [&hellip;]<\/p>\n","protected":false},"author":1,"featured_media":0,"parent":0,"menu_order":0,"comment_status":"closed","ping_status":"closed","template":"","meta":{"footnotes":""},"class_list":["post-609","page","type-page","status-publish","czr-hentry"],"_links":{"self":[{"href":"https:\/\/zahnkreation.de\/index.php?rest_route=\/wp\/v2\/pages\/609","targetHints":{"allow":["GET"]}}],"collection":[{"href":"https:\/\/zahnkreation.de\/index.php?rest_route=\/wp\/v2\/pages"}],"about":[{"href":"https:\/\/zahnkreation.de\/index.php?rest_route=\/wp\/v2\/types\/page"}],"author":[{"embeddable":true,"href":"https:\/\/zahnkreation.de\/index.php?rest_route=\/wp\/v2\/users\/1"}],"replies":[{"embeddable":true,"href":"https:\/\/zahnkreation.de\/index.php?rest_route=%2Fwp%2Fv2%2Fcomments&post=609"}],"version-history":[{"count":19,"href":"https:\/\/zahnkreation.de\/index.php?rest_route=\/wp\/v2\/pages\/609\/revisions"}],"predecessor-version":[{"id":692,"href":"https:\/\/zahnkreation.de\/index.php?rest_route=\/wp\/v2\/pages\/609\/revisions\/692"}],"wp:attachment":[{"href":"https:\/\/zahnkreation.de\/index.php?rest_route=%2Fwp%2Fv2%2Fmedia&parent=609"}],"curies":[{"name":"wp","href":"https:\/\/api.w.org\/{rel}","templated":true}]}}